c = 56 - 52. Suppose 0 = -2*i - 2*i - c, -5*d + 23 = 2*i. Let q(u) = -u**3 + 6*u**2 - 7*u + 6. Calculate q(d).
-4
Let s(p) = -p - 5. Let b(x) = -5*x + 1. Suppose -12 = -9*w + 6*w. Suppose 3*a = w - 1. Let l be b(a). Determine s(l).
-1
Suppose -6*r + 36 = -18. Suppose 32 = n - r*n. Let l(c) be the third derivative of -c**6/120 - c**5/12 - c**4/4 - 5*c**2. Determine l(n).
8
Let a(g) be the second derivative of 5/12*g**4 + 25*g + 5/6*g**3 - 1/20*g**5 + 0 + 4*g**2. Determine a(6).
2
Let b(j) = 2*j**3 - j + 3. Let s be b(0). Let a be s*(-2)/4*2. Let c(w) = -2*w**3 - 3*w**2 + 3*w + 2. Calculate c(a).
20
Let y(g) = g + 2. Let n = -11 - -13. Suppose 3*t - 4*x = -0*x - 2, 2*t - 8 = -n*x. Let a be t*2*(-1)/(-2). Calculate y(a).
4
Let p(k) be the second derivative of k**3/2 - 3*k**2/2 + 9*k - 73. Calculate p(0).
-3
Suppose 34 = 6*f - 2. Let i(a) = a - 2. Give i(f).
4
Suppose -141*u = -146*u - 25. Let w(a) = a**3 + 5*a**2 + 4. Give w(u).
4
Let o(i) = -1 - 3 - 1 + 14 - 3 + 2*i. Determine o(-4).
-2
Suppose 0 = -4*g - 477 + 489. Let j(o) = -2*o**2 + 5*o - 3. Determine j(g).
-6
Suppose -8*a - 18 = -14*a. Let o(j) = j**3 + 2*j**2 + 1. Let c be o(-2). Let d(f) = -6*f**2 + 2*f + c + a*f**2 - 3 + 4*f**2. Determine d(-4).
6
Let g(q) = -159*q - 4 + 162*q + 2. What is g(3)?
7
Let j(m) = m**3 - 3*m**2 + 3*m - 3. Let b(g) = 7*g + 14. Let i(y) = -8*y - 14. Let x(c) = -6*b(c) - 5*i(c). Let s be x(-8). Determine j(s).
-1
Let b(n) be the third derivative of -n**4/12 - 2*n**3 - 24*n**2 - 5. Give b(-6).
0
Let n(a) = -a**3 + 4*a**2 + 9*a - 8. Suppose 2*z = 30*z - 168. What is n(z)?
-26
Let t(v) be the first derivative of v**4/4 - 6*v**3 + 17*v**2/2 + 7*v + 23. What is t(17)?
7
Let m(f) = -f**2 - f + 1. Suppose -7*a + 40 = -3*a. Suppose -4*h + 10 = -2*h, -5*i + 4*h = a. Suppose -3*y + i*v = -v, 0 = -4*y + 2*v + 6. Determine m(y).
-11
Let r(q) = -q + 12. Let u be (-120)/(2 + -6) + 0. Let n = 37 - u. Give r(n).
5
Suppose 42*q - 41*q = -1. Let b(r) = 20*r**3 - 1. Calculate b(q).
-21
Let l = -12 - -37. Suppose h - 8 = 5*q - 3, 5*h - l = -2*q. Let w(x) = 6*x**2 + 17180385 - 4*x - 17180385 - x**3. Calculate w(h).
5
Let t(l) be the third derivative of -l**5/20 + l**4/6 - l**2 + 10*l. What is t(3)?
-15
Let d(v) = -4*v + 1. Suppose -4*f + 75 - 63 = 0. Determine d(f).
-11
Let q(c) = c**2 - 5*c - 6. Suppose -3*x + 33 = -6*x. Let y be 3/(-1) - (3 + x). Determine q(y).
-6
Let r(t) = -13*t**2 - 5*t - 4. Let u(f) = 24*f**2 + 9*f + 7. Let z(s) = -5*r(s) - 3*u(s). What is z(-1)?
-6
Let r(j) = j**3 - 5*j**2 - 8*j + 6. Let z be r(6). Let w be (-3)/6 - z/(-4). Let u(a) = -5*a - 3. What is u(w)?
7
Let q(w) be the first derivative of w**5/120 - w**4/4 + 11*w**3/3 + 3. Let x(o) be the third derivative of q(o). Let t = -7 + 10. Determine x(t).
-3
Let d(r) = -2*r + 0*r + 4 - 1 - 1 + r. Let y be 4/6 - (-26)/6. Give d(y).
-3
Let y(i) be the first derivative of -3*i**2 - 6*i + 69. Calculate y(-2).
6
Let s(g) = 2*g - 4. Let a be s(5). Let j(t) = -t. Let n(o) = 3*o + 1. Let z(y) = 4*j(y) + n(y). Let r(p) = -3*p + 5. Let b(q) = 3*r(q) - 6*z(q). What is b(a)?
-9
Let v(x) = 24*x**2 + 33*x**2 + 32*x**2 - 112*x**2 + 26*x**2 - 1. Determine v(-1).
2
Let y(o) = o**3 + 9*o**2 + 6*o - 22. Let a be y(-8). Let j(f) be the second derivative of f**3/2 - 3*f**2/2 - 57*f. Determine j(a).
-21
Let t(u) = -u**2 - 2. Let c(j) be the first derivative of j**3/3 + j**2/2 + 4*j + 23. Let y(f) = -2*c(f) - 5*t(f). Let q = -1 + 3. What is y(q)?
10
Let c(k) be the second derivative of -k**5/20 - k**4/12 + k**3 - 3*k**2/2 + 339*k. What is c(-3)?
-3
Let z = -714 + 717. Suppose k = -0*k + 2. Let f(v) = 0*v**2 + 5*v - k*v - v**2. Calculate f(z).
0
Let z(k) be the second derivative of -k**5/20 + k**3/6 - 4*k**2 - 223*k. Suppose -5*d = -4*d. Give z(d).
-8
Let o(j) = -6*j**3 + 2*j**2 + 7*j - 7. Suppose 6 - 18 = -2*v. Let l(s) = 5*s**3 - 2*s**2 - 6*s + 6. Let h(t) = v*o(t) + 7*l(t). Let f = -12 + 9. Give h(f).
9
Let n = 124 + -120. Let g(a) be the second derivative of -n*a - 11/6*a**3 + 0 + 1/2*a**2. Determine g(-1).
12
Let h = 75 + -72. Suppose -x + 5 = -s + h, 5*s + 5*x = 0. Let k(l) = 4*l**3 + l**2 - l - 1. Determine k(s).
-3
Suppose -6*l = -0*l + 24. Let w(z) be the second derivative of 0 - 1/3*z**3 + 1/2*z**2 - z - 1/12*z**4. Determine w(l).
-7
Let j(z) = -z. Let k(p) = -8*p. Let q(n) = 51*j(n) - 6*k(n). Suppose -3 = 4*f - 3*f. Calculate q(f).
9
Let k(a) be the first derivative of 1/3*a**3 + a + 0*a**2 - 1/3*a**4 - 4. Let j(x) be the first derivative of k(x). Calculate j(2).
-12
Let h(r) = -2*r**2 - 52*r + 54. Let t be h(-27). Let o(d) = -4*d. What is o(t)?
0
Suppose 76*f - 71*f - 2*l - 5 = 0, 5*f + 2*l - 5 = 0. Let r(j) = -j**2 - 2*j. Give r(f).
-3
Let v(s) = -3*s + 9. Suppose 3*w - 3*n = 0, 23*w - 26*w - 4*n = -28. What is v(w)?
-3
Let i(j) = -9*j + 2 - 2 + 1. Let f be ((-66)/1050 + 8/(-100))*-7. Determine i(f).
-8
Let c(q) = -q + 1. Let u(i) = -12*i + 4. Suppose 4*p - 35 = -15. Let t(x) = p*c(x) - u(x). Let d = 2 - 3. Calculate t(d).
-6
Let u(r) = -6*r + 1. Suppose 4*x + 34 = -2*a, 2*a + 3*x = -a - 42. Let s = -13 - a. Give u(s).
13
Let j(b) = b**2 - b + 2. Let a(r) = 2*r**2 - 3*r + 4. Let o(c) = 4*a(c) - 7*j(c). Calculate o(3).
-4
Let h(z) = -2*z**2 + 2*z - 4. Suppose -5*o = -2*o - k + 11, -4*k + 5 = o. Calculate h(o).
-28
Let i(s) = -2*s + 5. Let m be i(4). Let r(h) be the third derivative of 1/12*h**5 - 1/6*h**3 + 0 + 0*h + 1/12*h**4 + 1/120*h**6 - 2*h**2. Calculate r(m).
11
Let m(p) = 2*p + 3. Suppose 9*y - 4*y + 25 = -5*r, -4*r = y + 23. Give m(r).
-9
Let c(v) = 4*v - 2. Let p(u) = -19*u + 15. Let o(i) = -6*c(i) - p(i). What is o(-6)?
27
Let u(h) = -7*h - 7. Let o(t) = -t - 3. Let p(v) = -5*o(v) + u(v). Calculate p(-6).
20
Suppose -7*k = -3*k - f + 3, 0 = -4*k - 3*f + 9. Let r(q) = 3*q + k*q - 15*q + 3*q + 1. Calculate r(1).
-8
Let h(t) = t**3 - 4*t**2 + 2*t - 1. Suppose 3*b - 16 = -2*r, -2*r - 57 = -7*r + b. Let j(m) = -m + 14. Let c be j(r). What is h(c)?
-4
Suppose -9*n = -5*n - 12. Let t(f) = -11*f**2 + 6*f - 7*f**2 - f**n - 5 + 13*f**2. What is t(-6)?
-5
Suppose 424*v - 40 = 432*v. Let a(z) = 3*z**2 + 3*z - 5. What is a(v)?
55
Let n(j) = j**3 - 2*j**2 - 2*j + 2. Let s(q) = -q**3 + 5*q**2 - 3*q - 2. Let t be s(4). Suppose 0 = -t*i - 5 + 9. What is n(i)?
-2
Let l(k) be the third derivative of 0 + 1/24*k**4 + 0*k + 5/6*k**3 - 22*k**2. What is l(-6)?
-1
Let f be ((-8)/6)/(4/(-6)). Let i(p) be the first derivative of -2*p**3/3 + 2*p**2 - 2*p - 1152. Determine i(f).
-2
Let a(b) = -b - 26. Suppose 2*t = -3*h + 2, -3*t + 2 = h - t. Give a(h).
-26
Let n be 12*(-6 + 5) + 8. Let u(c) be the second derivative of -c**5/20 - c**4/2 - 5*c**3/6 + 2*c. Give u(n).
-12
Let j(i) = i + 3. Let l(m) = -m + 12. Let b be l(7). Let t(o) = o**2 - 2*o - 8. Let v be t(b). What is j(v)?
10
Let q = -2 + 11. Let j = -7 + q. Suppose -2 - 8 = -2*m, -5*m = j*b - 19. Let u(w) = -w - 7. Calculate u(b).
-4
Suppose -4*y = -8*y + a + 26, y = -3*a. Let x(l) = -9 + 1 - 6 + y + 2*l. What is x(7)?
6
Suppose -2*x - 6 = -4*d, 5*x + 9 = 3*d + d. Let l(w) = w**3 - 5*w**2 + 4*w - 5. Let t(m) = m**2 - m - 1. Let z = 4 + -8. Let q(o) = x*l(o) + z*t(o). Give q(0).
9
Let z(a) = -a**3 + 6*a**2 + 7*a - 6. Let b = -82 + 87. Suppose b*y + 4*g - 14 = 5, 29 = 3*y - 2*g. Determine z(y).
-6
Let v(a) = -8*a - 139. Let d be v(-17). Let z(j) = j**2 + 2*j. What is z(d)?
3
Let n be ((-234)/(-12))/(6/8). Let h = -24 + n. Let c(l) = -17 + 3*l + 6 - h*l. What is c(0)?
-11
Let k(r) = -2*r**3 - 4*r**2 - 3*r. Suppose 0 = 36*d - 38*d. Let c be (1 - d) + 0 - (58 - 55). Determine k(c).
6
Let v be (1 - 0/2) + (77 - 78). Let j(t) = t**3 + t**2 + 3. Calculate j(v).
3
Let w(o) = -6*o - 48. Let b(q) = -5*q - 45. Let u(t) = -7*b(t) + 6*w(t). Calculate u(12).
15
Let x(w) = w - 1. Let v be x(4). Let h(c) = c - 1. Let f(g) be the first derivative of -4*g**2 + 5*g + 7. Let y(s) = -f(s) - 6*h(s). Give y(v).
7
Let l(f) = -7 + 3*f - 3 + 3. Let j be l(3). Let n(s) = 0 - 4 + 2 + 1 - 3*s**j + s**3. What is n(3)?
-1
Let q be (0 + -1)/((-3)/(-21)). Let u be q/56*26 + 1/4. Let s(o) = o**3 + 3*o**2 + 4. Determine s(u).
4
Let v(b) = -3*b**3 - 12*b**2 + 59*b + 7. Let x be v(3). Let u(k) = k**2 - 2*k - 2. What is u(x)?
33
Let v(y) = -2*y - 9. Let a be v(-7). Let b(j) be the second derivative of -j**3/6 + j**2 - j.